-6 + 16 - 3) + (5 - (-2 + -1)).
15
What is -7 - (9 - (28 + -11 + -32))?
-31
Evaluate (6 - 12) + 4 + (2 - -4) - 6.
-2
What is the value of -11 - -22 - (16 + -5 + 4)?
-4
Calculate (14 - (27 + -18)) + -13.
-8
22 - (-3 - -7) - (-60 + 51)
27
-21 + 41 + 7 - 32
-5
What is 0 + -1 + -18 + 28 + -13?
-4
What is the value of -41 + 0 + 28 + -1?
-14
Calculate -40 + 12 + (-11 - -24).
-15
What is 0 - -52 - (2675 + -2649)?
26
What is the value of -31 - ((-15 - 30) + 7)?
7
Evaluate 3 + (-1 - -7) + -15 + -8 + 7.
-7
What is 15 + (3 + 15 + 13 - 20)?
26
What is -1 + 0 + (-430 - -440)?
9
Evaluate -12 + (-1 - -1) + (2 - 0 - 6).
-16
Evaluate (3 - -3) + -3 + -10 + 18.
11
3 - (-3 + 0 + 10 - 8) - -6
10
Calculate -5 + (-7 - 0) + -207 + 218.
-1
Evaluate (218 - 225) + 20 + -1.
12
Calculate -35 + -24 + 28 + 62.
31
What is (-29 - -24) + 11 + -6 + -2 + 15?
13
What is 12 + (4 - (-1 + 14)) - (-5 + 16)?
-8
Calculate 12 + (2 - 11) - -4.
7
-23 + (-58 - (11 + -54))
-38
What is the value of -3 + -3 - (-38 + (5 - -4))?
23
Calculate 6 + (-4 - 2) - 1 - (-5 - 12).
16
Evaluate -1 + 3 + (-6 + 6 - -5) - 28.
-21
Evaluate (-20 - 14) + 18 - -13.
-3
What is the value of -19 + -7 + (21 - 16) + 16?
-5
What is (-2 - -1) + 0 + (-1 - -19)?
17
Evaluate 11 - (7 - (-8 + 5 + 11)).
12
What is (2 - -4) + (5 + 2 - (10 - -1))?
2
What is the value of 5 - (0 - 10 - (-60 - -29))?
-16
11 - (6 + -13 - -17)
1
What is the value of 6 - (-4 + -12) - 15?
7
Calculate 17 - (2 - -2) - (-1 + -2 + 1).
15
Evaluate 18 + -14 + -10 + (0 - -4 - -2).
0
What is the value of 0 + -1 + -2 + -32 + (8 - -16)?
-11
What is -1 + -13 - (598 - 617)?
5
Calculate -2 - (13 - 29 - -1).
13
(290 - 296) + -9 + 0
-15
What is the value of -9 + (-7 - (-16 - -3))?
-3
(-61 - -61) + -3 + -7
-10
What is the value of (4 + 2 + (-6 - -9) - 0) + 2?
11
Calculate (2 - (4 - -2)) + (25 - 2).
19
What is the value of -20 - -41 - (8 + (-3 - 3))?
19
What is the value of 20 + (-4 - (-1 - -9 - 8))?
16
-1 - ((-6 - (-3 + 7)) + 4 + 14)
-9
What is the value of -755 + 755 - (1 + -11 + 1)?
9
What is 21 + 6 + 6 - (43 + -27)?
17
-31 + 13 + 1 + (-195 - -191)
-21
Evaluate -110 + 118 - (27 - -4).
-23
Evaluate -19 + (8 + -13 + 11 - (2 + 0)).
-15
What is the value of (24 - 25) + -2 + 1?
-2
What is -11 + 3 + (0 + 18 - (-46 - -51))?
5
Calculate -19 + (-59 - -62) + (-3 + 0 - 0).
-19
Calculate (3 - 6) + -31 + 43.
9
What is the value of -4 + 12 - -3 - (2 - (18 + -14))?
13
2 - (-31 + 50 - 19)
2
Calculate 8 - -2 - (406 + -407).
11
What is -22 + -2 - (-71 + 68)?
-21
-22 - (-15 - 6 - -5)
-6
7 + -2 + ((0 - 18) + 6 - 4)
-11
What is (-7 - 0) + (-4 + 4 - -28)?
21
What is the value of -22 + 2 + 126 + -113 - -2?
-5
What is the value of 4 - (10 - (10 - 9))?
-5
What is the value of -20 - 0 - (11 + -23 + -1 + 3)?
-10
-17 - (9 + -28 + -16 + 7)
11
34 + -42 + 13 + 1 + -21
-15
Evaluate 8 + (-31 - -41) - (-2 + 2 + 10).
8
Evaluate (-3 - (0 + (-5 - -2))) + -3 - 9.
-12
What is the value of (3 + 0 - 5) + 0 - (17 - 13)?
-6
What is the value of 32 + (-7 - -6 - 10) + -4?
17
What is the value of (1537 - 1526 - (-1 - (0 + -21))) + -18?
-27
What is the value of -11 - -11 - (35 - 39)?
4
Calculate 9 + -3 + (4 - 8 - 5) - -15.
12
What is the value of (16 - (11 + -14 + 1)) + (0 - -8)?
26
What is 1 + -12 + 10 + 9 + (2 - 0)?
10
Calculate (0 - 12) + -41 + 48.
-5
8 + -1 + 597 + -614 + (22 - 1)
11
Evaluate 6 - 8 - (-1 + -6).
5
What is the value of 6 - (15 + -11) - 5?
-3
What is the value of -2 + (2 - 3 - 0 - (-54 - -58))?
-7
Calculate 5 - (-2 - -3) - (-5 - (-1 - 8)).
0
Calculate 15 - (54 + -10) - -10.
-19
(12 - 9) + -7 + -9 + 15
2
What is (15 - (17 - 9)) + (-1 - (34 - 7))?
-21
(6 + -8 + 7 - 11) + -5
-11
What is the value of -6 + (-7 + -4 - -15) + 0?
-2
What is the value of (53 - 51) + 7 + 0 + 0?
9
What is -4 - -4 - (18 - 26) - 33?
-25
Calculate -25 + -3 + 24 + 30.
26
Evaluate 5 + -4 - (4 + (-41 - -23)).
15
What is 8 + 9 + -9 + -1 + -14?
-7
What is (6 - (-22 + 7 - -6 - -12)) + 24?
27
What is the value of (-15 - -9) + -3 - 3?
-12
Evaluate 5 + -2 + (-3 - (-14 - (-28 + 14))).
0
Calculate 11 + 3 + -45 - -18 - 18.
-31
-8 + -11 + 6 - (8 + -9)
-12
-2 + -2 + -5 + -1
-10
What is 4 - 2 - (-2 - (0 - 1)) - 9?
-6
Evaluate 17 - (11 + 3) - 16 - 13.
-26
Evaluate -8 - (-13 - ((-2 - -6) + -8)).
1
Evaluate (-59 - (-24 + -68)) + (-6 - -1).
28
Calculate (-15 - (18 + -11)) + 6.
-16
Calculate (57 - 47) + (-6 - 2).
2
What is the value of 17 + (13 - 28 - (-25 + 2))?
25
What is 5 - (5 - -26 - 6)?
-20
Calculate (-1942 - -1987) + -1 + -54.
-10
What is (3 - (-13 + 9)) + -4 - -3?
6
(-39 - (-20 + 21)) + 62
22
What is the value of (4 - -13) + 5 - 11?
11
4 + (-1 - 5) + (6 + 2 - -11)
17
What is 1419 - 1412 - (0 + 20 + 1)?
-14
What is the value of -72 + 66 + (0 - 3) + 7 + -17?
-19
What is -29 + (6 - (-18 - -11))?
-16
Evaluate 1 - 6 - -2 - (7 + -7).
-3
Evaluate 16 - (-41 + 52 + 37).
-32
What is the value of (-129 - -134) + (1 - -1)?
7
Evaluate 3 + 3 + (-3 - 0 - -1) + -15.
-11
Calculate 6 - ((-25 - -20) + 6).
5
What is the value of -15 + 18 + 12 + 1?
16
Calculate 1 - 4 - (0 - (11 - -1)).
9
Calculate (30 - 19) + -12 + 17.
16
5 - -1 - (1 + 7 + (-40 - -33))
5
What is -5 + 1 - -9 - (2 - -14)?
-11
What is the value of 25 + (-18 - -34) + -27 + -5?
9
Evaluate -21 - (2 - 21 - -7).
-9
What is (-3 - (-10 - -1)) + -6 + -1?
-1
What is the value of -2 - -5 - -2 - (-69 - -46)?
28
Calculate -91 + 91 + -3 + 1.
-2
What is 3 - ((3 - -5) + 6 + 9 + -8)?
-12
Evaluate 6 - (3 - (-13 - 0 - -4)).
-6
Calculate -12 + (-1 - (-17 + 13)).
-9
2 + -2 + 41 + -40
1
(1 - 3) + -3 + (15 - 3 - -3)
10
What is 5 - (-7 + 14) - 9?
-11
(8 - 11) + (19 - 19) + 0 + 2
-1
What is the value of -10 + 2 - (-55 - -48) - 2?
-3
Evaluate -1 + (0 - -8) - (6 + -3).
4
Evaluate (-19 - -18 - (-2 + -5)) + -29 + 8.
-15
2 + 10 - -5 - 30
-13
Evaluate 0 - 5 - (-3 + 8) - -1.
-9
What is the value of (-1 - (-15 - 4)) + -70 + 69?
17
What is (32 - 0) + (-109 - -95)?
18
Calculate 76 + 23 + -104 + (-1 - 0 - -20).
14
Calculate 7 + 6 + (-19 - -9 - -4).
7
What is 13 - (16 - (8 - 8 - -3))?
0
20 - (-9 + 25 - ((2 - 2) + 8))
12
-2 + -14 + (20 - 21) + -5 + 13
-9
95 + -123 + 12 + -2
-18
What is the value of 8 + -16 + -15 + 39 + 8?
24
What is the value of -29 - (-21 + 8 + 5 + -3)?
-18
What is -11 + -1 - (-4 - -7) - 2?
-17
Calculate -55 - -48 - (-8 - -1) - (-11 + -1).
12
Evaluate 1 + 8 - (-28 - -26 - 6).
17
Evaluate -81 - -101 - (0 + 18).
2
(0 - 4) + 11 - (11 - 1)
-3
What is the value of -13 + 11 + -6 + 6 + -1 + 2?
-1
Evaluate -4 - -13 - (-17 + 49 + 3).
-26
Calculate -16 + 6 + (-21 - -13).
-18
Calculate -1 + -10 + 5 - (4 + -2).
-8
Calculate -1 + -23 - (-277 - -275).
-22
Evaluate -4 - (17 + -11 + (-25 - -4)).
11
Evaluate -5 + (-22 - -4) + -14 + 2 + 13.
-22
0 - -1 - (-222 + 228)
-5
Calculate (4 - 5) + -1 - -8.
6
(3 - -13 - 19 - (2 - 0)) + -5
-10
Evaluate -1 + -15 + (5 - 5) + 6.
-10
What is 22 + 1 + (-63 - -45)?
5
What is 2 - (-8 - -23) - -2?
-11
(1 - 0) + 99 + -92
8
-19 + 1 - -2 - (153 - 149)
-20
What is the value of (8 - 0) + 2 + (-4 - (1 + 1))?
4
11 - (23 + (3 - -21))
-36
What is the value of -4 - (-12 + -1 - (-32 + 15 - -9))?
1
12 + 104 + -103 + (17 - 2)
28
Calculate -22 - (24 - 24) - -6.
-16
What is 19 - 32 - (2 - -2 - 5)?
-12
Evaluate (-27 - -1) + (19 - (15 - (-13 + 16))).
-19
What is 10 - ((1 - 7 - (5 + -17)) + 23)?
-19
Evaluate 0 - -7 - (291 + -275).
-9
Calculate 5 - (23 - (5 + -3 + -2 - -8)).
-10
Evaluate (17 - -9) + -8 - ((-1 - -8) + -1).
12
What is 18 - 17 - 7 - (-1 - 0) - -6?
1
Evaluate (5 + 1 - 17 - 22) + 7.
-26
What is -1 - (6 + -58) - (-123 + 139)?
35
(-5 + 34 - 10) + -40
-21
What is the value of (-42 - -31) + 7 + (0 - 0) + -1?
-5
Calculate (19 - 12) + (-9 - (-4 - -7 - 8)).
3
What is (4 - -11) + -25 - -16?
6
Calculate 9 + -12 + (0 - (3 + -1)) + 6.
1
-10 - (16 + -9 - -1)
-18
Evaluate 15 + (-2 - (19 + -19)).
13
Evaluate 40 + 7 + (-4 - 13 - 3).
27
What is the value of 2 + (9 - 1) - (-10 + -20 - -22)?
18
What is the value of -29 + (9 - (0 + 4) - (2 - 3))?
-23
What is (16 - (-4 - -14)) + 14 - (2 + 2)?
16
What is (-28 - (1 + -13)) + -1?
-17
Evaluate (487 - 457) + (-1 - 36).
-7
(-2 - -31) + 616 + -620
25
2 + 0 - ((-16 - -7) + (19 - 5))
-3
What is the value of 3 + 8 + 2 + -2?
11
2 + -9 + -2 + (56 - 74)
-27
Calculate (-4 - -14 - 9) + 19.
20
Evaluate 1 - 4 - (-41 - (-72 - -41)).
7
Calculate -20 + -9 - (-3 - 11).
-15
Evaluate -27 - (